+ 0*m. What is o(c)?
5
Let z(t) be the third derivative of -1/6*t**3 - 1/30*t**5 + 0 + 1/120*t**6 + 142*t**2 + 0*t - 1/8*t**4. Calculate z(4).
19
Let j(s) = -s**3 - 13*s**2 + 2. Suppose 281 + 135 = -32*i. Determine j(i).
2
Let q(n) = -23 - 53*n + n**2 + 151*n - 59*n - 46*n. Give q(10).
7
Let h(v) be the second derivative of -v**4/6 + 23*v**3/6 - 5*v**2 + 207*v. Let i be h(11). Let z(t) = -11*t. Give z(i).
-11
Let d(i) be the second derivative of i**5/20 + i**4/12 + i**3/2 + i**2 + 11319*i. Let g be (2/(-2))/(3/6). Calculate d(g).
-8
Let m(t) = -6*t - 3. Let g(u) = 2*u**2 + 4*u - 9. Let o be g(-4). Suppose -13 - 8 = o*n. Give m(n).
15
Let g(q) be the first derivative of -1/4*q**4 + 0*q**3 + 7*q - 1 + 1/2*q**2. Let o = 968 + -968. Determine g(o).
7
Let i(s) = s**3 - 7*s**2 - s + 1. Suppose -5*q - 452 = -402. Let m be (-1)/q*-5*-14. Give i(m).
-6
Let h(c) = -c**3 + 5*c**2 - 5*c + 1. Let z be (-4)/((-1)/(-18)*2). Let v(j) = 21*j - 300. Let o be v(14). Let q be ((-2)/o)/((-3)/z). Determine h(q).
-3
Let b(x) = -x**3 - 11*x**2 + 6. Let h be (-7 + 220/30)/(6/(-198)). What is b(h)?
6
Let v(j) be the third derivative of 13*j**6/120 - j**5/30 + j**4/24 - 6*j**2 + 2*j. Give v(1).
12
Let x(v) = -90*v + 258. Let a(l) = -80*l + 263. Let m(s) = -5*a(s) + 4*x(s). Determine m(7).
-3
Let j(r) = -r**3 + 4*r**2 + 3*r - 5. Let b(m) = 22*m - 17. Let q be b(-4). Let z = q - -29. Let w = 80 + z. Determine j(w).
7
Let c(t) = t**3 - t**2 - 2*t - 3. Let q = -132 - -135. Let k be (4/(32/q))/(17/136). What is c(k)?
9
Let d(v) = 11*v + 5. Let a(k) = -3*k - 27. Let c be a(-9). Let n be d(c). Let g(r) = -r**2 + 8*r - 3. Determine g(n).
12
Let z = -9156 - -9145. Let n(d) = 3*d + 52. Give n(z).
19
Let c = -35962 + 35962. Let g(x) = 11*x + 18. Determine g(c).
18
Let u(i) = -5*i**2 + i - 6. Let v be ((-57)/2)/(8/16). Let g = 56 + v. Let n(h) = -h**3 + h**2 + h + 1. Let k(d) = g*u(d) - 2*n(d). Give k(-3).
-14
Let h(l) be the third derivative of -1/60*l**5 + 0 + 39*l**2 - 1/6*l**3 - 3/8*l**4 + 0*l. Let n be (6 - 5)/(2/(-14)). Calculate h(n).
13
Suppose -3*n - 3*a = 18, -5*n - 4*a + 3*a = 30. Let t be 5/(-1)*(n/15 - 0). Let r(h) = h**2 - 5*h + 5. What is r(t)?
-1
Let z = 1 - 14. Let q(j) = -7*j**2 + 7*j + 4. Let v be 4 - (-5 + 7)*-1. Let x(n) = -15*n**2 + 15*n + 9. Let l(m) = v*x(m) + z*q(m). What is l(0)?
2
Let v(c) = c**3 - 4*c**2 + 2*c - 5. Suppose -7*y - 3200 = -3235. Calculate v(y).
30
Let d(f) = -3*f - 84. Suppose -396*m - 1380 = -350*m. Calculate d(m).
6
Let d(t) be the first derivative of 19*t**4/2 - t**3/3 - 3*t**2/2 - 2*t - 1019. Determine d(-1).
-38
Let r(s) = s**3 + 13*s**2 + 17*s - 3. Let m be r(-2). Let n(a) = -17 + 10 + m - 2*a - 10*a. Determine n(-4).
48
Let m be (45/(-40))/((-36)/192). Let a(j) be the third derivative of -j**4/24 + 7*j**3/3 + 4*j**2. Determine a(m).
8
Let s = 683 + -681. Let m(g) = 186*g + 3*g**s + 4 + 182*g - 360*g. Determine m(-3).
7
Let t(m) be the second derivative of 13/2*m**2 - 1/2*m**3 - 55*m - 1/2*m**4 + 1/20*m**5 + 0. Determine t(6).
-5
Let y(h) = h**2 + 7*h + 3. Let d = 224 - 124. Let k = d + -119. Let l = k - -13. What is y(l)?
-3
Let g(v) = 71*v + 2840. Let y be g(-40). Let c(n) = n**3 + n**2 + 2*n - 35. Give c(y).
-35
Let k(d) = -13*d + 137. Let p be 1*(2/(72/356) + (-17)/(-153)). What is k(p)?
7
Let h(k) = 14*k**3 - 7*k**2 - 2*k - 23. Let f(x) = -23*x**3 + 15*x**2 + 4*x + 42. Let c(d) = 3*f(d) + 5*h(d). Suppose 12 = 3*n + 42. Calculate c(n).
-9
Let s(u) = 3*u**2 + 2*u - 2. Let g = -598 + 610. Let w be (-3)/(g/16)*2/4. What is s(w)?
6
Let k be -1 + 2 + 2/(-2). Let a be 1*2/(-22) + (-24336)/(-286). Let w(h) = 2*h**3 + 42 + 48 - a - h**3 - h**2. What is w(k)?
5
Let o(m) = 159*m + 169*m + 10 + 161*m - 492*m. Give o(-4).
22
Suppose 5*t = -5*k + 155, 4*k - 22 = -14. Let s(l) = 3*l - 85. What is s(t)?
2
Let v(d) = d**2 + 16*d - 41. Let g(w) = -w**2 - 15*w + 35. Let o(c) = -6*g(c) - 5*v(c). Suppose 10 = -4*q + z - 32, 0 = q - z + 9. What is o(q)?
6
Let g(d) = -8*d + 0*d + 4*d + 14*d + 4. Determine g(0).
4
Let i(m) = -m + 7. Let y(a) = -a**2 + 13*a - 28. Let p(g) = 6*i(g) + y(g). Calculate p(-2).
-4
Let c(t) = t**3 - 110*t**2 + 720*t + 113. Let k be c(103). Let b(w) = w**2 - 5*w - 9. Determine b(k).
41
Let a(v) be the first derivative of v**3/2 + v**2/2 + 21*v + 30. Let j(q) be the first derivative of a(q). Determine j(-4).
-11
Let v(m) = m**3 - 14*m**2 - 358*m + 180. Let a be v(27). Let i(t) = -1 + 8 + t - 1. Determine i(a).
-3
Let h = -2469 + 2468. Let o(z) = -z**2 + z. Give o(h).
-2
Let j(k) = -k - 1. Suppose -5*m - 7 = -22. Suppose m*q + 15 = -0*q. Let b be (q - -2) + -1 + -2. Calculate j(b).
5
Let q(s) be the first derivative of s**4/4 + 5*s**3 + 14*s**2 + 14*s + 1379. Give q(-13).
-12
Let a = -9358 + 9365. Let q(k) = -k**3 + 8*k**2 - 7*k - 6. Calculate q(a).
-6
Let z(i) be the second derivative of 1/3*i**3 + 3/2*i**2 - 3*i + 1/12*i**4 + 40. Calculate z(-3).
6
Let m(h) be the third derivative of 7*h**4/24 - 5*h**3 - 2*h**2 - 219*h. Calculate m(5).
5
Let q = -1943 - -3299. Let y(w) = q - 694 - 676 - 2*w. Calculate y(-7).
0
Let i(t) = 10*t + t - 4*t**2 + 4*t + 2*t**2 - 26*t - 15. Give i(-5).
-10
Suppose -5*s = 2*j - 20, 2*j = -2*j + 2*s + 16. Let w(q) be the second derivative of -1/20*q**5 + 1/2*q**2 + 1/6*q**3 + 87*q + 0 + 5/12*q**4. Calculate w(j).
6
Let s(y) be the second derivative of -y**3/2 - y**2 - y. Let q = -65 + 69. Suppose -q*d - l - 10 = 2, -5*l = 3*d + 9. Determine s(d).
7
Let l(s) = -4*s + 18*s + 125*s**2 - 124*s**2 - 8*s - 12*s - 4. Give l(7).
3
Let y = -102 - -106. Let t(i) = -10 - 60*i + 5*i**2 + 53*i - y*i**2. Calculate t(7).
-10
Suppose -44 - 2 = -5*a - v, 0 = 5*a - v - 44. Suppose 13*g - 12 = a*g. Let s(r) = -9*r - 2. Calculate s(g).
-29
Let x(v) = 66*v**2 - 318*v + 133. Let p(f) = 11*f**2 - 52*f + 22. Let a(h) = 37*p(h) - 6*x(h). Calculate a(1).
11
Let s(m) = -131 + 525 - m - 195 - 197. Calculate s(-20).
22
Let r be 19/((-95)/4) + 16/(-5). Let w(q) = 4*q**2 + 2*q + 8. Let i(f) = -3*f**2 - 2*f - 7. Let t = 25 + -23. Let n(u) = t*w(u) + 3*i(u). Give n(r).
-13
Let z(a) = a**2 - 35*a - 194. Let o = -18896 + 18891. Determine z(o).
6
Let s = -1735 + 1726. Let a(t) = -7*t - 5. What is a(s)?
58
Let p(a) = 29*a - 170. Let u be p(6). Suppose 0*r + 2*r = -u*x + 20, -3*r + 24 = 4*x. Let n(l) = l**2 - 2*l + 4. Determine n(r).
12
Let i(r) = r**3 - 11*r**2 + 20*r. Let z be i(9). Suppose -4*f - z = b, b = -5*f - 16 - 6. Let s(p) = 3*p - 5. Determine s(f).
-17
Let g(y) = -4*y - 12. Let p(h) = 2*h**3 + 64*h**2 + h + 24. Let x be p(-32). Calculate g(x).
20
Let m = 7967 + -7968. Let g(o) = 6 - 4 + 3 - 11*o**2. Let w(v) = -23*v**2 + 11. Let p(i) = -13*g(i) + 6*w(i). Give p(m).
6
Let q(z) = 75*z - 3*z**2 + z**3 - 2*z**2 + 20 - 77*z - z**2 + 7*z**2. Calculate q(0).
20
Let t(c) be the second derivative of -c**3/6 + 13*c**2/2 - 23*c. What is t(11)?
2
Let b(v) be the second derivative of 7*v**2 - 1/3*v**3 - 127*v + 0. Give b(7).
0
Suppose 0 = z - 0*z - 1. Let u(n) be the second derivative of 31*n**5/20 + n**4/12 - n**3/6 + n**2/2 - n + 10874. What is u(z)?
32
Let u = 46 - 36. Suppose 4*r - u*r = -24. Suppose 38 = r*l + 22. Let t(f) = f**3 - 5*f**2 + 6*f - 5. What is t(l)?
3
Let w(x) = 6*x - 2. Let n(a) = -a**2 - a + 21. Let v = -345 + 340. Let p be n(v). Determine w(p).
4
Let q = 92 - 87. Let w(t) = -8 + 8 + q*t + 9 - 8. Calculate w(-1).
-4
Let d(q) = -4 + 3 + 3 + 2*q. Suppose 2 = -l - 2*j + 8, j - 24 = -4*l. What is d(l)?
14
Let g(m) = -m**2 + 9*m + 83. Let a be 3/(3/4) - (-1970)/197. What is g(a)?
13
Let o(q) = q + 9. Let f be ((-46)/8)/((-26)/104). Let a be 6/8 + f/(-4). Calculate o(a).
4
Let b(z) = 19*z**3 - 19*z**2 + 7*z + 13. Let j(s) = -2*s**3 + 3*s**2 - s - 2. Let u(v) = b(v) + 6*j(v). Give u(-1).
-8
Let n(g) = -59*g + 1. Let j(o) = 209*o + 279. Let z(i) = -j(i) - 2*n(i). Give z(-3).
-8
Let n(o) = -o. Let t(h) = 848 - 858 - 3*h + 6*h + h**2 + 3*h. Let d(y) = -4*n(y) - t(y). Give d(-7).
-25
Let p(m) = -69*m - 44. Let o(j) = 26*j + 14. Let q(a) = -8*o(a) - 3*p(a). Calculate q(14).
6
Let b be 2 - 3 - (-4)/2*2. Suppose -10 = 3*j - 13, 2*j = b*o + 17. Let y(t) = -t**3 - 5*t**2 + 3*t + 10. Determine y(o).
-5
Let x(s) = -s**2 - s - 2. Let z = -4 + -1. Let d(p) = -4*p**2 - 10*p - 17. Let j(v) = z*x(v) + d(v). Calculate j(5).
-7
Suppose -44*k